{"id":393,"date":"2021-02-18T01:34:35","date_gmt":"2021-02-18T00:34:35","guid":{"rendered":"http:\/\/dalmacija-klima.com\/?page_id=393"},"modified":"2021-02-25T14:51:10","modified_gmt":"2021-02-25T13:51:10","slug":"eu-funds","status":"publish","type":"page","link":"https:\/\/dalmacija-klima.com\/en\/eu-funds\/","title":{"rendered":"EU funds"},"content":{"rendered":"<div class=\"wpb-content-wrapper\"><p>[vc_row][vc_column][vc_single_image image=&#8221;382&#8243; img_size=&#8221;full&#8221;][vc_column_text]<\/p>\n<p style=\"text-align: center;\"><strong>The project was co-financed by the European Union from the European Regional Development Fund.<br \/>\nOperational programme Competitiveness and Cohesion 2014-2020<\/strong><\/p>\n<p>[\/vc_column_text][\/vc_column][\/vc_row][vc_row][vc_column width=&#8221;1\/3&#8243;][vc_column_text]<strong>Project (operation) title of the user\/project partner<\/strong>[\/vc_column_text][\/vc_column][vc_column width=&#8221;2\/3&#8243;][vc_column_text]KK.03.2.1.19.0660 \u2013 Production Informatization by ERP system and CAD software Package Integration in the company DALMACIJA KLIMA, dru\u0161tvo s ograni\u010denom odgovorno\u0161\u0107u, za proizvodnju, monta\u017eu, servis i prodaju klimatizacijske opreme\/limited liability company for production, installation, repair and sale of air conditioning equipment\/[\/vc_column_text][\/vc_column][\/vc_row][vc_row][vc_column width=&#8221;1\/3&#8243;][vc_column_text]<strong>Brief project (operation) description<\/strong>[\/vc_column_text][\/vc_column][vc_column width=&#8221;2\/3&#8243;][vc_column_text]This project will optimize the business by increasing the efficacy of business processes and by implementing the new methods of work which will result in the decrease of operating costs and the increase of capacities for performing works in Croatia and abroad and it will enable a more aggressive market presence.<\/p>\n<p>This project will significantly improve the IT infrastructure of the Applicant which will include an information system integrated with programming tools for product design and development, and with refurbished hardware infrastructure which will enable the launch of new applications and data storage.[\/vc_column_text][\/vc_column][\/vc_row][vc_row][vc_column width=&#8221;1\/3&#8243;][vc_column_text]<strong>Objectives and expected results of the project (operation):<\/strong>[\/vc_column_text][\/vc_column][vc_column width=&#8221;2\/3&#8243;][vc_column_text]The defined objectives of this project are:<\/p>\n<p>-Production investment: the increase of employment in companies which receive grants. The number of employees will increase by 1 employee,i.e. from current 17 employees to 18.<\/p>\n<p>-Increased income from sale. The income is expected to increase by HRK 1,281,163.00, i.e. from HRK 7,618,837.00 to HRK 8,900,000.00.<\/p>\n<p>-The number of business processes that will be improved upon the implementation of the ICT solution. 8 business processes will be improved.<\/p>\n<p>-Production investment: Private investment that corresponds to public funds for companies (grants). Investment in the amount of HRK 304,869.92[\/vc_column_text][vc_separator color=&#8221;blue&#8221;][vc_column_text]Tthe amount co-financed by the EU<br \/>\nTotal project value and the amount co-financed by the EU (in HRK)<br \/>\nOverall project value HRK 624,733.41<br \/>\nAmount co-financed by the EU HRK 319,863.49<\/p>\n<p><strong>Project implementation period (from &#8211; to)<\/strong><br \/>\nProject implementation start date 15\/12\/2019<br \/>\nProject implementation end date 15\/02\/2021[\/vc_column_text][vc_separator color=&#8221;blue&#8221;][vc_column_text]<a href=\"http:\/\/www.strukturnifondovi.hr\/\" target=\"_blank\" rel=\"noopener\" data-saferedirecturl=\"https:\/\/www.google.com\/url?q=http:\/\/www.strukturnifondovi.hr\/&amp;source=gmail&amp;ust=1613214068172000&amp;usg=AFQjCNGpzYtNNcvWrJUm0sKyiS2hwepTKg\">www.strukturnifondovi.hr<\/a><\/p>\n<p><a href=\"http:\/\/www.europski-fondovi.eu\/program\/europski-fond-za-regionalni-razvoj\">Europski\u00a0<span class=\"il\">fond<\/span>\u00a0za regionalni razvoj<\/a><\/p>\n<p><a href=\"https:\/\/strukturnifondovi.hr\/eu-fondovi\/esi-fondovi-2014-2020\/op-konkurentnost-i-kohezija\/\"><b>Op<span class=\"gmail_default\">e<\/span>rativni program<\/b>:\u00a0Konkurentnost i Kohezija 2014. &#8211; 2020.<\/a>[\/vc_column_text][\/vc_column][\/vc_row]<\/p>\n<\/div>","protected":false},"excerpt":{"rendered":"<p>[vc_row][vc_column][vc_single_image image=&#8221;382&#8243; img_size=&#8221;full&#8221;][vc_column_text] The project was co-financed by the European Union from the European Regional Development Fund. Operational programme Competitiveness and Cohesion 2014-2020 [\/vc_column_text][\/vc_column][\/vc_row][vc_row][vc_column width=&#8221;1\/3&#8243;][vc_column_text]Project (operation) title of the user\/project partner[\/vc_column_text][\/vc_column][vc_column width=&#8221;2\/3&#8243;][vc_column_text]KK.03.2.1.19.0660 \u2013 Production Informatization by ERP system and CAD software Package Integration in the company DALMACIJA KLIMA, dru\u0161tvo s ograni\u010denom odgovorno\u0161\u0107u, za proizvodnju, monta\u017eu,&hellip;<\/p>\n","protected":false},"author":1,"featured_media":0,"parent":0,"menu_order":0,"comment_status":"closed","ping_status":"closed","template":"","meta":{"footnotes":""},"_links":{"self":[{"href":"https:\/\/dalmacija-klima.com\/en\/wp-json\/wp\/v2\/pages\/393"}],"collection":[{"href":"https:\/\/dalmacija-klima.com\/en\/wp-json\/wp\/v2\/pages"}],"about":[{"href":"https:\/\/dalmacija-klima.com\/en\/wp-json\/wp\/v2\/types\/page"}],"author":[{"embeddable":true,"href":"https:\/\/dalmacija-klima.com\/en\/wp-json\/wp\/v2\/users\/1"}],"replies":[{"embeddable":true,"href":"https:\/\/dalmacija-klima.com\/en\/wp-json\/wp\/v2\/comments?post=393"}],"version-history":[{"count":6,"href":"https:\/\/dalmacija-klima.com\/en\/wp-json\/wp\/v2\/pages\/393\/revisions"}],"predecessor-version":[{"id":404,"href":"https:\/\/dalmacija-klima.com\/en\/wp-json\/wp\/v2\/pages\/393\/revisions\/404"}],"wp:attachment":[{"href":"https:\/\/dalmacija-klima.com\/en\/wp-json\/wp\/v2\/media?parent=393"}],"curies":[{"name":"wp","href":"https:\/\/api.w.org\/{rel}","templated":true}]}}

<div class="wpb-content-wrapper"><p>[vc_row][vc_column][vc_single_image image=&#8221;382&#8243; img_size=&#8221;full&#8221;][vc_column_text]</p>
<p style="text-align: center;"><strong>The project was co-financed by the European Union from the European Regional Development Fund.<br />
Operational programme Competitiveness and Cohesion 2014-2020</strong></p>
<p>[/vc_column_text][/vc_column][/vc_row][vc_row][vc_column width=&#8221;1/3&#8243;][vc_column_text]<strong>Project (operation) title of the user/project partner</strong>[/vc_column_text][/vc_column][vc_column width=&#8221;2/3&#8243;][vc_column_text]KK.03.2.1.19.0660 – Production Informatization by ERP system and CAD software Package Integration in the company DALMACIJA KLIMA, društvo s ograničenom odgovornošću, za proizvodnju, montažu, servis i prodaju klimatizacijske opreme/limited liability company for production, installation, repair and sale of air conditioning equipment/[/vc_column_text][/vc_column][/vc_row][vc_row][vc_column width=&#8221;1/3&#8243;][vc_column_text]<strong>Brief project (operation) description</strong>[/vc_column_text][/vc_column][vc_column width=&#8221;2/3&#8243;][vc_column_text]This project will optimize the business by increasing the efficacy of business processes and by implementing the new methods of work which will result in the decrease of operating costs and the increase of capacities for performing works in Croatia and abroad and it will enable a more aggressive market presence.</p>
<p>This project will significantly improve the IT infrastructure of the Applicant which will include an information system integrated with programming tools for product design and development, and with refurbished hardware infrastructure which will enable the launch of new applications and data storage.[/vc_column_text][/vc_column][/vc_row][vc_row][vc_column width=&#8221;1/3&#8243;][vc_column_text]<strong>Objectives and expected results of the project (operation):</strong>[/vc_column_text][/vc_column][vc_column width=&#8221;2/3&#8243;][vc_column_text]The defined objectives of this project are:</p>
<p>-Production investment: the increase of employment in companies which receive grants. The number of employees will increase by 1 employee,i.e. from current 17 employees to 18.</p>
<p>-Increased income from sale. The income is expected to increase by HRK 1,281,163.00, i.e. from HRK 7,618,837.00 to HRK 8,900,000.00.</p>
<p>-The number of business processes that will be improved upon the implementation of the ICT solution. 8 business processes will be improved.</p>
<p>-Production investment: Private investment that corresponds to public funds for companies (grants). Investment in the amount of HRK 304,869.92[/vc_column_text][vc_separator color=&#8221;blue&#8221;][vc_column_text]Tthe amount co-financed by the EU<br />
Total project value and the amount co-financed by the EU (in HRK)<br />
Overall project value HRK 624,733.41<br />
Amount co-financed by the EU HRK 319,863.49</p>
<p><strong>Project implementation period (from &#8211; to)</strong><br />
Project implementation start date 15/12/2019<br />
Project implementation end date 15/02/2021[/vc_column_text][vc_separator color=&#8221;blue&#8221;][vc_column_text]<a href="http://www.strukturnifondovi.hr/" target="_blank" rel="noopener" data-saferedirecturl="https://www.google.com/url?q=http://www.strukturnifondovi.hr/&amp;source=gmail&amp;ust=1613214068172000&amp;usg=AFQjCNGpzYtNNcvWrJUm0sKyiS2hwepTKg">www.strukturnifondovi.hr</a></p>
<p><a href="http://www.europski-fondovi.eu/program/europski-fond-za-regionalni-razvoj">Europski <span class="il">fond</span> za regionalni razvoj</a></p>
<p><a href="https://strukturnifondovi.hr/eu-fondovi/esi-fondovi-2014-2020/op-konkurentnost-i-kohezija/"><b>Op<span class="gmail_default">e</span>rativni program</b>: Konkurentnost i Kohezija 2014. &#8211; 2020.</a>[/vc_column_text][/vc_column][/vc_row]</p>
</div>

<p>[vc_row][vc_column][vc_single_image image=&#8221;382&#8243; img_size=&#8221;full&#8221;][vc_column_text] The project was co-financed by the European Union from the European Regional Development Fund. Operational programme Competitiveness and Cohesion 2014-2020 [/vc_column_text][/vc_column][/vc_row][vc_row][vc_column width=&#8221;1/3&#8243;][vc_column_text]Project (operation) title of the user/project partner[/vc_column_text][/vc_column][vc_column width=&#8221;2/3&#8243;][vc_column_text]KK.03.2.1.19.0660 – Production Informatization by ERP system and CAD software Package Integration in the company DALMACIJA KLIMA, društvo s ograničenom odgovornošću, za proizvodnju, montažu,&hellip;</p>
